it of 285425?
4
What is the units digit of 2153713?
3
What is the thousands digit of 4144565?
4
What is the ten thousands digit of 927587?
2
What is the thousands digit of 2142525?
2
What is the hundred thousands digit of 2177077?
1
What is the hundreds digit of 6681302?
3
What is the tens digit of 5546094?
9
What is the tens digit of 964227?
2
What is the tens digit of 78096?
9
What is the thousands digit of 98592?
8
What is the units digit of 2705044?
4
What is the tens digit of 609344?
4
What is the thousands digit of 13976865?
6
What is the units digit of 507602?
2
What is the thousands digit of 87433?
7
What is the tens digit of 393712?
1
What is the hundred thousands digit of 3782864?
7
What is the hundreds digit of 22461395?
3
What is the hundreds digit of 8372379?
3
What is the units digit of 8620941?
1
What is the tens digit of 7992858?
5
What is the thousands digit of 4089279?
9
What is the ten thousands digit of 6902421?
0
What is the tens digit of 257934?
3
What is the hundred thousands digit of 1258898?
2
What is the millions digit of 22488731?
2
What is the units digit of 23571451?
1
What is the ten thousands digit of 257265?
5
What is the thousands digit of 162034?
2
What is the millions digit of 1968565?
1
What is the ten thousands digit of 2592683?
9
What is the tens digit of 1365330?
3
What is the tens digit of 243833?
3
What is the units digit of 13868645?
5
What is the millions digit of 1358164?
1
What is the hundreds digit of 178752?
7
What is the tens digit of 350236?
3
What is the tens digit of 601060?
6
What is the tens digit of 118350?
5
What is the units digit of 75179?
9
What is the units digit of 54592?
2
What is the millions digit of 3967630?
3
What is the tens digit of 7113201?
0
What is the tens digit of 5321922?
2
What is the units digit of 48558?
8
What is the ten thousands digit of 744164?
4
What is the hundreds digit of 1561822?
8
What is the hundreds digit of 14868114?
1
What is the hundred thousands digit of 203758?
2
What is the tens digit of 445283?
8
What is the millions digit of 1358964?
1
What is the hundreds digit of 1367358?
3
What is the hundred thousands digit of 164889?
1
What is the units digit of 20552?
2
What is the ten thousands digit of 84399?
8
What is the units digit of 487364?
4
What is the units digit of 743956?
6
What is the ten thousands digit of 1580499?
8
What is the hundred thousands digit of 301088?
3
What is the hundreds digit of 427930?
9
What is the ten thousands digit of 294000?
9
What is the hundred thousands digit of 206227?
2
What is the tens digit of 547611?
1
What is the units digit of 366757?
7
What is the hundreds digit of 12736718?
7
What is the hundred thousands digit of 1008443?
0
What is the hundreds digit of 511984?
9
What is the hundreds digit of 15766370?
3
What is the thousands digit of 9278416?
8
What is the hundreds digit of 709257?
2
What is the units digit of 764709?
9
What is the tens digit of 307749?
4
What is the ten thousands digit of 517175?
1
What is the hundred thousands digit of 539468?
5
What is the units digit of 360797?
7
What is the units digit of 4602628?
8
What is the hundreds digit of 71246?
2
What is the hundred thousands digit of 4088286?
0
What is the thousands digit of 3714810?
4
What is the millions digit of 1531527?
1
What is the tens digit of 26970461?
6
What is the tens digit of 1867747?
4
What is the tens digit of 133789?
8
What is the units digit of 16758895?
5
What is the thousands digit of 296544?
6
What is the hundred thousands digit of 3581244?
5
What is the tens digit of 32098137?
3
What is the hundreds digit of 226465?
4
What is the ten thousands digit of 74288?
7
What is the hundreds digit of 11329679?
6
What is the tens digit of 240882?
8
What is the hundred thousands digit of 146189?
1
What is the hundred thousands digit of 108516?
1
What is the hundred thousands digit of 7979909?
9
What is the thousands digit of 142778?
2
What is the hundred thousands digit of 148909?
1
What is the millions digit of 15065623?
5
What is the hundred thousands digit of 9058324?
0
What is the hundreds digit of 424870?
8
What is the units digit of 2476875?
5
What is the hundred thousands digit of 729627?
7
What is the thousands digit of 4431922?
1
What is the units digit of 3185222?
2
What is the units digit of 86136?
6
What is the thousands digit of 416570?
6
What is the thousands digit of 1148077?
8
What is the units digit of 486868?
8
What is the hundreds digit of 364740?
7
What is the thousands digit of 1605952?
5
What is the units digit of 846341?
1
What is the millions digit of 2224602?
2
What is the millions digit of 28718737?
8
What is the hundreds digit of 41484?
4
What is the hundred thousands digit of 535219?
5
What is the hundred thousands digit of 1768046?
7
What is the units digit of 2626673?
3
What is the hundreds digit of 732687?
6
What is the units digit of 801423?
3
What is the thousands digit of 1883087?
3
What is the ten thousands digit of 578091?
7
What is the tens digit of 32913?
1
What is the units digit of 110391?
1
What is the thousands digit of 5305336?
5
What is the hundred thousands digit of 159335?
1
What is the hundreds digit of 392886?
8
What is the tens digit of 98995?
9
What is the ten thousands digit of 1740792?
4
What is the tens digit of 4869020?
2
What is the tens digit of 6274444?
4
What is the hundred thousands digit of 15935714?
9
What is the tens digit of 120720?
2
What is the thousands digit of 2419432?
9
What is the ten thousands digit of 134488?
3
What is the tens digit of 841372?
7
What is the units digit of 1660854?
4
What is the millions digit of 2685320?
2
What is the hundreds digit of 3582075?
0
What is the ten thousands digit of 337072?
3
What is the hundreds digit of 872731?
7
What is the units digit of 911932?
2
What is the units digit of 1923379?
9
What is the hundred thousands digit of 17646224?
6
What is the hundred thousands digit of 154106?
1
What is the ten millions digit of 11696941?
1
What is the hundreds digit of 471125?
1
What is the thousands digit of 22209812?
9
What is the thousands digit of 418642?
8
What is the tens digit of 25018?
1
What is the hundreds digit of 873274?
2
What is the ten thousands digit of 6468726?
6
What is the ten thousands digit of 85263?
8
What is the millions digit of 3226657?
3
What is the ten thousands digit of 148915?
4
What is the thousands digit of 7734072?
4
What is the units digit of 164333?
3
What is the hundreds digit of 84092?
0
What is the millions digit of 1462281?
1
What is the tens digit of 1579512?
1
What is the thousands digit of 943478?
3
What is the ten thousands digit of 363764?
6
What is the thousands digit of 470862?
0
What is the thousands digit of 1897875?
7
What is the thousands digit of 371432?
1
What is the hundred thousands digit of 12268874?
2
What is the thousands digit of 16994320?
4
What is the units digit of 26074098?
8
What is the thousands digit of 4903583?
3
What is the ten thousands digit of 13844002?
4
What is the thousands digit of 20970525?
0
What is the units digit of 50377?
7
What is the hundreds digit of 3314160?
1
What is the tens digit of 59921?
2
What is the thousands digit of 56139?
6
What is the units digit of 12054?
4
What is the ten millions digit of 11522402?
1
What is the millions digit of 3531158?
3
What is the hundreds digit of 823079?
0
What is the thousands digit of 2195857?
5
What is the thousands digit of 12286859?
6
What is the hundreds digit of 14291931?
9
What is the hundred thousands digit of 120639?
1
What is the thousands digit of 3555545?
5
What is the units digit of 871407?
7
What is the units digit of 5353575?
5
What is the hundred thousands digit of 312472?
3
What is the tens digit of 40376921?
2
What is the hundreds digit of 3862860?
8
What is the hundred thousands digit of 860281?
8
What is the hundred thousands digit of 23650080?
6
What is the hundred thousands digit of 2179062?
1
What is the units digit of 29226019?
9
What is the ten thousands digit of 181755?
8
What is the ten thousands digit of 128658?
2
What is the hundred thousands digit of 441676?
4
What is the tens digit of 7147568?
6
What is the hundred thousands digit of 18285272?
2
What is the millions digit of 20653345?
0
Wh